 = -123 - -111. Let a(m) = -19*m + 15. List the prime factors of a(i).
3
What are the prime factors of 13/(3 - 52/18)?
3, 13
Let i = -20 - 16. Suppose 3*o - 131 = 2*x, -5*x = -x - o + 247. Let m = i - x. What are the prime factors of m?
5
Suppose 0*w + 305 = -5*z + 2*w, -3*z - w = 183. Let q = -35 - z. List the prime factors of q/10 - (-8)/20.
3
List the prime factors of 2 + 4 - (-1)/((-5)/(-14860)).
2, 1489
Let h = -76 - -81. Suppose -8 = 4*f, -7*s - h*f + 260 = -2*s. What are the prime factors of s?
2, 3
Suppose -4*t - 5*d = -975, 3*d + 363 - 115 = t. What are the prime factors of t?
5, 7
Suppose -963 = 105*c - 114*c. What are the prime factors of c?
107
Let z(y) = 9*y**2 - 6*y - 10. Let b be z(-4). Suppose b = 6*x + 20. List the prime factors of x.
23
Let o = -1664 + 4159. What are the prime factors of o?
5, 499
Suppose -r - 2*r = -2*z + 27, -r - 9 = 2*z. Let c(n) = -n**2 - 12*n + 9. Let g be c(r). Suppose g = 2*h + h. What are the prime factors of h?
2, 3
Let r(l) = 2*l + 3 - 16*l**3 + 6*l**3 - 4*l + l**2 + 9*l**3. Let s be r(0). Suppose -m + 148 = s*m. What are the prime factors of m?
37
Let z(v) be the third derivative of v**5/60 - v**4/4 - 7*v**3/6 - 2*v**2. What are the prime factors of z(12)?
5, 13
Let p = 60 + 241. List the prime factors of p.
7, 43
Let d = 331 - 172. What are the prime factors of d?
3, 53
Suppose 0 = 3*d - 15 - 126. Let j = d + -35. List the prime factors of j.
2, 3
Suppose -4*b - 37 = 39. Let c = b - -102. List the prime factors of c.
83
Let f = 9 + 25. Let g = 20 + f. What are the prime factors of g?
2, 3
Suppose -269*a + 289*a - 11980 = 0. List the prime factors of a.
599
Let j = 178 + 433. List the prime factors of j.
13, 47
Let n = -9 - -29. Suppose -5*z + 0 = -n. Suppose -t - l + 27 = 4*l, 0 = -5*t + z*l + 48. What are the prime factors of t?
2, 3
Let x(v) = -87*v + 475. List the prime factors of x(-17).
2, 977
Suppose -m + 511 = -0*z + 4*z, -m - 385 = -3*z. Let r = z - 64. What are the prime factors of r?
2
Suppose 0 = 317*p - 333*p + 20704. List the prime factors of p.
2, 647
Suppose -s + 2116 = 3*g, -5*s - 1405 = -7*g + 5*g. What are the prime factors of g?
3, 5, 47
Let l(p) be the second derivative of p**3/6 - 5*p**2/2 - 4*p. Let z be 24/3 + (1 - 2). What are the prime factors of l(z)?
2
Let p = -9 + 10. Let b be (1 - p)/(4 - 5). Suppose 0 = 4*m - 2*i - 114, b = i + 2*i + 9. List the prime factors of m.
3
Suppose -584 = -2*f + o, 0*o - 1460 = -5*f + 5*o. List the prime factors of f.
2, 73
Let k(s) = 397*s + 22. What are the prime factors of k(4)?
2, 5, 7, 23
Let c = -12 - 36. Let m = 67 + c. Suppose -m = -2*n + 11. What are the prime factors of n?
3, 5
Let m(p) = -97*p - 3. Let f be 4/2 - (-4 - -7). What are the prime factors of m(f)?
2, 47
Suppose -62*o = -1388 - 107050. What are the prime factors of o?
3, 11, 53
Suppose -3*d = 4*t - 116, -60 - 88 = -3*d + 4*t. Let f = -18 + d. List the prime factors of f.
2, 13
Let x(i) = 7*i**2 - 5*i - 10. Let f(t) = 4*t**2 - 2*t - 5. Let w(y) = 11*f(y) - 6*x(y). What are the prime factors of w(-7)?
47
Let q(h) = 1080*h + 189. List the prime factors of q(3).
3, 127
Suppose -2 = -3*s + 1. Suppose -p + 6*p - 55 = 0. Let g = s + p. What are the prime factors of g?
2, 3
List the prime factors of 11/((11/605)/((-4)/(-10))).
2, 11
Suppose 0 = -4*z + 407 + 625. Suppose h + z = 4*m, 3*h = -5*m + 93 + 238. What are the prime factors of m?
5, 13
Let u(a) = 63*a**3 + a**2 - a. Let q be (-1)/(-6)*(-9 - -15). Let c be u(q). Let d = c - 35. What are the prime factors of d?
2, 7
Let z(j) = -1. Let p(f) = -f + 3. Let r(s) = -p(s) + 6*z(s). Let q be r(12). Suppose -2*k + 8 = -5*l - 15, 4*k - 39 = q*l. List the prime factors of k.
3
Suppose 15 = 2*v + v. Suppose -7*p + 3*p - 139 = -3*r, 0 = v*r + 4*p - 285. List the prime factors of r.
53
Let k = 40 + -35. Suppose -k*b + 183 = 2*h, 161 + 133 = 3*h + b. What are the prime factors of h?
3, 11
Let q(u) = 3*u**3 - u. Let m be q(1). List the prime factors of 780/4 - -4 - m.
197
Suppose -3*z + 714 = 3*z. Suppose -4*r + z = -41. Suppose 0 = -o + 5*d + r, o - 4*d = -2*o + 120. List the prime factors of o.
2, 5
Let j(x) = 20*x + 149. What are the prime factors of j(39)?
929
Suppose -4*r = -2*t - 266, 0 = t - 0*r + 2*r + 113. Let b = 201 + t. What are the prime factors of b?
2, 3, 13
Suppose 5*n = -3*x + 3710, 4*x - 2475 = -2*n + 2467. What are the prime factors of x?
5, 13, 19
Let g(o) = o + 11. Let b be g(0). Let z = b - 11. Suppose -3*v = v + 2*j - 90, 4*v - 2*j - 110 = z. List the prime factors of v.
5
Let w be (-1542)/(-15) + (1/5 - 0). What are the prime factors of w/(-2 - (-4 - -1))?
103
Suppose -4128 = 48*r - 0*r. Suppose d + 0*d = 150. Let o = d + r. What are the prime factors of o?
2
Let y(w) = w**3 + 10*w**2 + 3*w - 3. Let a be y(-5). Let b(z) = 7*z - 7. Let t be b(8). Suppose -a - t = -6*p. What are the prime factors of p?
2, 13
Let r(m) = m**3 + 24*m**2 + 29*m - 7. What are the prime factors of r(-22)?
17, 19
Let v(f) = 5*f**3 + 4 + 6*f**2 - 4*f**3 + 9*f**2 + 6*f. What are the prime factors of v(-4)?
2, 3, 13
Suppose 80923 + 7217 = 20*v. List the prime factors of v.
3, 13, 113
Let v be (-840)/18*(-18)/7. Let x(f) = 2*f - 4. Let o be x(2). Suppose -n + 5*n - v = o. What are the prime factors of n?
2, 3, 5
Let g(a) be the second derivative of 23*a**3/6 + 7*a**2/2 + 24*a. What are the prime factors of g(2)?
53
Let f be (-4 + 6 + 4)*1. Suppose -f*j = -8*j + 152. What are the prime factors of j?
2, 19
Let v(b) = 3*b + 6. Let x be v(-4). Let h(a) = 5*a + 2. Let q(s) = s. Let d(y) = -3*h(y) + 12*q(y). What are the prime factors of d(x)?
2, 3
Suppose 0 = -4*m - 4*i - 40 - 4, -4*m = -5*i + 17. Let w(j) = 3*j**2 - 9*j + 22. What are the prime factors of w(m)?
2, 11, 13
Let l(z) = -16*z - 8. Let k(b) = -b - 14. Let t be k(-7). Let h(o) = 15*o + 8. Let c(j) = t*h(j) - 6*l(j). What are the prime factors of c(-5)?
37
Suppose -w - 4 = 0, w + 10 = 3*o - 24. Let l be (-30)/9*(-456)/o. Suppose 0 = 4*u + 48 - l. What are the prime factors of u?
2, 13
Let y = -895 + 1259. Suppose -k - 3*c - 455 = -6*k, 4*k - y = 2*c. List the prime factors of k.
7, 13
Suppose -5*r + 2*s + 2138 = 6*s, -5*r + 5*s = -2120. What are the prime factors of 5/2*r/15?
71
Let t be 6/10 + 68/20. Suppose t = -5*r - x + 21, -2 = r + 2*x. Let g = r - -17. What are the prime factors of g?
3, 7
Let u(t) = t**3 + 3*t**2 + 5*t + 15. Let y be u(-3). Suppose 3*d + 4*q - 577 = 0, y*d - 3*d + 572 = 5*q. What are the prime factors of d?
199
Let n(t) = -t**2 - 3*t + 4. Let a be n(1). Suppose -27*k + 30*k - 753 = a. What are the prime factors of k?
251
What are the prime factors of ((-4)/(-16)*-10)/((-3)/162)?
3, 5
Let n(l) = l**3 + 6*l**2 - 3. Let g be n(-6). List the prime factors of 71/(-6)*g + 8/(-16).
5, 7
Suppose 2*p + 1 = 3, -p = -4*l + 359. Suppose 4*y + y = l. Suppose f = y - 0. What are the prime factors of f?
2, 3
Let b = -808 + 1142. Suppose 3*z = z + b. List the prime factors of z.
167
Let v = -20 + 20. Suppose y - 414 = -4*t + t, v = 3*y - 9. List the prime factors of t.
137
Let g be (-24)/(-3)*(-5)/(-20). Suppose g*n + 0*n - 362 = 0. What are the prime factors of n?
181
Let f be (-12)/(2/(9 - 1)). Let d be (-611)/7 + (-4)/(-14). Let q = f - d. What are the prime factors of q?
3, 13
Suppose -4*l - 3*j + 5*j = -14, -2*l - 5 = -5*j. Suppose -g - 15 = 5*b + 12, b - 5 = l*g. What are the prime factors of 6 + -3 + (-6)/g?
2, 3
Let i = -61 + 61. Suppose i = -4*q - q + 565. List the prime factors of q.
113
Let r(m) = m - 15. Let p(k) = 4*k - 44. Let u(t) = 2*p(t) - 7*r(t). Let o be u(-15). Suppose 4*g = o*l + l + 106, 4*g - 98 = -l. List the prime factors of g.
5
Let w = 122 - 119. List the prime factors of w - (293 + 0)*-1.
2, 37
Suppose 0 = 2*p + 2*d - 60, 0 = -3*p + 5*d + 152 - 30. Let n(k) = 2*k**2 - 5*k + p - 3*k**2 - k - 16. List the prime factors of n(-8).
2
List the prime factors of (30/6 - -21)*(2 + 2).
2, 13
Suppose -4*m + 412 = l, m + m + 2*l = 200. Suppose 2*y = m + 84. List the prime factors of y.
2, 47
Let b(t) = -8*t + 10. Let a = 33 - 38. What are the prime factors of b(a)?
2, 5
Let q(x) = -x**3 + 2*x**2 - 3*x - 4. Let y be q(-2). Let b be ((-6)/12)/(1/y). Let l = b + 16. What are the prime factors of l?
7
Suppose -3*h + 4*n + 838 = 0, -5*h - 2*n - 810 = -2198. List t